e highest common divisor of 84 and 602?
14
What is the greatest common divisor of 10760 and 5?
5
What is the greatest common factor of 828 and 42?
6
What is the greatest common factor of 184 and 23?
23
What is the greatest common factor of 44 and 292?
4
Calculate the highest common factor of 1058 and 138.
46
What is the highest common divisor of 74 and 500?
2
Calculate the greatest common factor of 119 and 35.
7
Calculate the highest common factor of 26 and 767.
13
Calculate the highest common divisor of 406 and 58.
58
What is the highest common factor of 31 and 868?
31
What is the greatest common divisor of 1350 and 324?
54
Calculate the highest common divisor of 36261 and 17.
17
Calculate the highest common factor of 26 and 676.
26
What is the highest common divisor of 510 and 1170?
30
Calculate the greatest common factor of 200 and 25.
25
Calculate the greatest common divisor of 927 and 9.
9
Calculate the highest common factor of 2 and 26.
2
What is the greatest common factor of 74 and 10?
2
What is the highest common divisor of 2675 and 175?
25
What is the greatest common factor of 154 and 4543?
77
What is the greatest common factor of 64 and 34624?
64
What is the greatest common factor of 85 and 25?
5
What is the greatest common divisor of 1836 and 9?
9
What is the highest common divisor of 154 and 22?
22
Calculate the highest common factor of 5665 and 440.
55
Calculate the highest common factor of 913 and 253.
11
Calculate the highest common factor of 856 and 24.
8
Calculate the highest common factor of 105 and 231.
21
Calculate the highest common divisor of 1521 and 585.
117
What is the highest common factor of 11531 and 39?
13
What is the highest common factor of 29 and 29?
29
Calculate the greatest common divisor of 132 and 852.
12
Calculate the greatest common divisor of 72 and 348.
12
Calculate the greatest common divisor of 28 and 3073.
7
Calculate the greatest common factor of 374 and 242.
22
What is the highest common factor of 1196 and 52?
52
What is the greatest common factor of 95 and 114?
19
Calculate the greatest common factor of 88 and 275.
11
What is the greatest common divisor of 4115 and 5?
5
What is the highest common divisor of 780 and 20?
20
What is the greatest common divisor of 640 and 20?
20
Calculate the greatest common factor of 32 and 76.
4
Calculate the greatest common factor of 7 and 119.
7
Calculate the highest common factor of 21724 and 8.
4
What is the greatest common factor of 2552 and 352?
88
What is the highest common factor of 7175 and 350?
175
Calculate the greatest common divisor of 105 and 15.
15
What is the highest common divisor of 710 and 20?
10
Calculate the highest common divisor of 580 and 812.
116
What is the greatest common divisor of 1706 and 2?
2
Calculate the greatest common factor of 1134 and 126.
126
Calculate the highest common factor of 7184 and 32.
16
What is the highest common factor of 45 and 2385?
45
Calculate the highest common divisor of 36 and 60.
12
What is the greatest common divisor of 4366 and 370?
74
What is the highest common factor of 16 and 15?
1
What is the greatest common divisor of 39 and 195?
39
Calculate the highest common divisor of 78 and 143.
13
What is the greatest common factor of 1159 and 76?
19
Calculate the greatest common factor of 14502 and 24.
6
What is the greatest common divisor of 129 and 8213?
43
Calculate the greatest common divisor of 16 and 368.
16
What is the highest common factor of 23244 and 156?
156
Calculate the highest common factor of 12 and 1098.
6
What is the highest common factor of 870 and 3886?
58
What is the highest common factor of 1495 and 130?
65
What is the greatest common factor of 19 and 3287?
19
What is the greatest common divisor of 1659 and 84?
21
Calculate the greatest common factor of 1017 and 226.
113
What is the greatest common factor of 513 and 1476?
9
Calculate the highest common divisor of 2321 and 11.
11
Calculate the highest common factor of 76 and 4.
4
Calculate the highest common divisor of 637 and 49.
49
Calculate the highest common factor of 129 and 43.
43
Calculate the greatest common factor of 2358 and 54.
18
What is the highest common factor of 28 and 28?
28
Calculate the greatest common divisor of 324 and 60.
12
What is the highest common factor of 78 and 104?
26
What is the highest common divisor of 14 and 14?
14
What is the greatest common divisor of 105 and 55965?
105
What is the highest common factor of 15 and 3195?
15
What is the highest common factor of 350 and 650?
50
What is the highest common divisor of 265 and 53?
53
Calculate the greatest common divisor of 38 and 152.
38
Calculate the highest common divisor of 14 and 182.
14
What is the highest common factor of 18 and 576?
18
Calculate the highest common factor of 435 and 5800.
145
What is the greatest common divisor of 36 and 37764?
36
Calculate the greatest common divisor of 14 and 651.
7
Calculate the highest common factor of 35 and 2443.
7
Calculate the highest common factor of 615 and 205.
205
Calculate the highest common divisor of 2187 and 27.
27
Calculate the greatest common factor of 1653 and 342.
57
Calculate the greatest common divisor of 174 and 36.
6
What is the highest common divisor of 291 and 194?
97
Calculate the highest common divisor of 329 and 799.
47
What is the greatest common divisor of 869 and 33?
11
What is the greatest common factor of 84 and 72?
12
Calculate the highest common factor of 38 and 722.
38
What is the highest common divisor of 3008 and 1216?
64
What is the greatest common divisor of 3 and 27?
3
What is the greatest common factor of 30988 and 61?
61
What is the greatest common factor of 200 and 3160?
40
What is the highest common factor of 17 and 119?
17
Calculate the greatest common divisor of 122 and 61.
61
What is the greatest common factor of 59460 and 6?
6
Calculate the greatest common factor of 36 and 108.
36
Calculate the highest common divisor of 1505 and 35.
35
Calculate the highest common factor of 15180 and 20.
20
Calculate the highest common divisor of 131 and 59867.
131
What is the greatest common divisor of 738 and 180?
18
What is the highest common divisor of 6 and 70?
2
What is the greatest common factor of 24 and 24?
24
Calculate the greatest common factor of 3045 and 105.
105
Calculate the greatest common divisor of 3448 and 16.
8
Calculate the highest common factor of 4 and 40.
4
What is the highest common divisor of 923 and 13?
13
What is the highest common factor of 120 and 36?
12
Calculate the highest common divisor of 108 and 20.
4
Calculate the greatest common divisor of 88 and 152.
8
Calculate the highest common factor of 85 and 1615.
85
Calculate the highest common divisor of 12 and 18.
6
Calculate the highest common divisor of 178 and 25721.
89
What is the greatest common divisor of 390 and 650?
130
Calculate the greatest common divisor of 159 and 212.
53
Calculate the greatest common factor of 238 and 136.
34
Calculate the greatest common divisor of 26 and 65.
13
What is the greatest common factor of 18 and 90?
18
What is the greatest common divisor of 4 and 1668?
4
What is the greatest common factor of 60 and 300?
60
What is the greatest common factor of 28 and 12?
4
What is the highest common factor of 22 and 121?
11
Calculate the greatest common factor of 132 and 1012.
44
Calculate the greatest common factor of 22 and 5038.
22
What is the greatest common divisor of 93 and 713?
31
Calculate the highest common factor of 1133 and 121.
11
What is the highest common divisor of 9 and 10737?
9
Calculate the greatest common divisor of 180 and 48.
12
Calculate the highest common divisor of 92 and 414.
46
What is the greatest common divisor of 10 and 840?
10
What is the highest common divisor of 5 and 995?
5
Calculate the highest common factor of 32 and 140.
4
What is the highest common factor of 100 and 460?
20
What is the greatest common factor of 833 and 931?
49
What is the highest common divisor of 3 and 1119?
3
What is the highest common divisor of 140 and 756?
28
What is the highest common factor of 20 and 395?
5
Calculate the highest common factor of 288 and 12.
12
Calculate the highest common divisor of 20 and 170.
10
Calculate the greatest common divisor of 12 and 20004.
12
Cal